the highest common factor of p and 4.
4
Let c be (-7)/(7/(-26)) + (3 - -1). Calculate the highest common divisor of c and 20.
10
Let t = 34 + -20. Calculate the highest common factor of t and 154.
14
Let f = 23 + 22. Let l = f - 0. Calculate the greatest common factor of 30 and l.
15
Let v be 3/(-9)*(0 - -3). Let k(o) = -33*o**3 - 1. Let j be k(v). What is the greatest common divisor of 4 and j?
4
Let t(o) = -o**3 - 5*o**2 + 4*o + 3. Let x be t(-6). What is the highest common divisor of 5 and x?
5
Let z(p) = p**2 + 6*p - 5. Let r be z(-7). What is the highest common divisor of 6 and r?
2
Let v(s) be the first derivative of s**4/4 + 3*s**3 - s**2/2 + 8*s + 1. Let d be v(-9). Let x = 43 - -42. What is the greatest common divisor of x and d?
17
Let f be (-3)/(2/(-16)*2). What is the highest common divisor of f and 3?
3
Suppose -q - 39 = -4*q. Suppose -o = 5*d - 78 + q, -2*o = d - 22. Calculate the greatest common factor of 4 and d.
4
Let j = 22 - 17. Calculate the highest common factor of j and 5.
5
Let c be 14/(-8)*(-16)/(-12)*-15. Calculate the greatest common factor of c and 10.
5
Let n(x) = x**3 - 17*x**2 - 18*x + 20. Let f be n(18). Calculate the greatest common divisor of f and 10.
10
Let d = 5 - 8. Let o be (-3)/(d/2) + 50. Suppose -2*m - 22 = -48. What is the greatest common divisor of m and o?
13
Let f(o) = -2*o**2 + 12*o + 14. Let t be f(12). Let q = -82 - t. What is the greatest common factor of 6 and q?
6
Let o be 10*12/20*1. What is the greatest common divisor of o and 24?
6
Suppose -2*g = 2*g - 20. Let r = -22 + 37. What is the greatest common factor of g and r?
5
Suppose 3*r - b - 72 = -0*b, 4*b - 37 = -r. Let u be ((-15)/6)/(-5)*2 + 49. What is the greatest common divisor of r and u?
25
Let d(a) = 2*a**2 + 6*a - 8. Let r be d(-6). What is the highest common factor of 84 and r?
28
Let i(v) = v**3 - 4*v**2 + v - 8. Let n be i(6). What is the highest common divisor of n and 28?
14
Let r = 215 - 94. What is the greatest common divisor of 11 and r?
11
Let q(c) = c**3 - 3*c**2 - 2*c - 5. Let p be q(4). Let j = -33 + 66. Calculate the greatest common factor of j and p.
3
Suppose -2*v - 16 = 2*v + 4*x, 5*v = 5*x + 30. Let y = -1 - -2. Suppose a - 1 = y. Calculate the greatest common divisor of a and v.
1
Suppose 0*d + 4*d - 180 = -f, -d + 4*f + 28 = 0. What is the greatest common divisor of 22 and d?
22
Suppose 0*i - 4*i + 16 = 0, 2*u - 5*i + 8 = 0. Let h = 4 + -6. Let x be h/4 - (-57)/6. What is the greatest common factor of u and x?
3
Let d = 6 + -11. Let y be (-738)/(-45) + 2/d. What is the greatest common factor of y and 8?
8
Let j(b) = -4*b - 3. Let h be j(-6). What is the highest common divisor of h and 21?
21
Let u be 6/4*8/3. Suppose 39 = -3*o + 5*q, 4*o = -u*q + 4 - 24. Let t be (o/4)/(4/(-34)). What is the highest common factor of 136 and t?
17
Suppose 5*l + 452 = 3792. Suppose 4*n - 2*x - 656 = 0, -2*n - 2*n = -5*x - l. Let j = -58 + n. Calculate the highest common factor of 13 and j.
13
Let s(r) be the first derivative of 21*r**2/2 - 6*r - 4. Let b be s(4). What is the highest common factor of 13 and b?
13
Let i = -2 - -2. Let f = -64 - -95. Suppose -5*d - 5*b + 45 = -i*d, 4*d - b - f = 0. Calculate the greatest common divisor of d and 8.
8
Let b(s) = s**2 + 4*s - 10. Let t be b(-8). Let j = 3 - -8. What is the highest common divisor of t and j?
11
Suppose -6*x + 44 = -x + 4*r, r = -x + 9. What is the greatest common factor of 24 and x?
8
Suppose 3 = -4*x + 27. Calculate the highest common divisor of 18 and x.
6
Let v(o) = -5*o + 67. Let c be v(-9). Let m = -23 - -37. Calculate the highest common divisor of m and c.
14
Suppose -5*k = -2*s + 38, k = -s - 2*k - 3. What is the highest common factor of 6 and s?
3
Let o(t) = t**3 - 4*t**2 + 4*t - 3. Let v be o(3). Suppose v = 2*n - 6*n + 2*i + 10, n - 4*i = 13. Calculate the highest common divisor of n and 7.
1
Suppose 3*s + 17 = 4*s. Suppose 8*c - 2380 = 3*c. Suppose 6*i - c = 2*i. What is the highest common factor of i and s?
17
Let u(j) = 40*j**2 + 8*j - 6. Let g be u(1). Calculate the highest common divisor of g and 105.
21
Let h be 18/(-45)*(2 + -7). Let p(y) = 5*y - 1. Let q be p(1). Suppose -o + q*o - 9 = 0. What is the greatest common divisor of h and o?
1
Suppose -3*f + 2*x = 4*x - 17, 4*f + 5*x - 25 = 0. Suppose -58 = -5*m + 2*m + w, 0 = -f*m - 3*w + 92. What is the greatest common factor of m and 19?
19
Let q = -33 - -78. Suppose -25 = -5*v + 65. Calculate the highest common divisor of q and v.
9
Let s = -20 - -20. Suppose 4*f + 1 - 9 = s. Calculate the highest common factor of 3 and f.
1
Let g be ((-19)/76)/((-9)/8 + 1). Suppose 33 = 4*j - 55. What is the greatest common divisor of g and j?
2
Let v = -6 + 4. Let q = 3 + v. Suppose -5 - q = -k. Calculate the highest common factor of k and 6.
6
Let w = 88 - 52. Suppose 2*q - i = -2*i + 17, -4*q - 4*i + w = 0. Let r be q/44 - (-988)/11. Calculate the greatest common divisor of 15 and r.
15
Let x = -52 + 80. What is the highest common divisor of 112 and x?
28
Let y(q) = q**3 - 7*q**2 + q - 3. Let f be y(7). Suppose -o + 5*u + 31 = 0, -u - 1 = o - 2. What is the greatest common factor of f and o?
2
Let d be (8/9)/((-10)/(-15))*9. Calculate the greatest common factor of d and 156.
12
Suppose 0 = 6*o - o + 15. Let n be (o - 2/(-6))*-6. Calculate the greatest common factor of 48 and n.
16
Let u be 73 - (-1 - 4/(-2)). Suppose -7*x + 9*x - 18 = 0. Calculate the highest common divisor of x and u.
9
Suppose -4*x = -2*b + 22 - 6, 7 = -b + 5*x. Calculate the highest common divisor of 99 and b.
9
Let s(y) = -12*y - 60. Let z be s(-8). Suppose -6*v = -2*v - 16. Calculate the greatest common divisor of v and z.
4
Let m = 95 - 86. Let y be (9/4)/(2/8). What is the greatest common divisor of y and m?
9
Let f be (-16)/(-72) + 896/18. What is the greatest common factor of f and 20?
10
Suppose 2*q - k - 12 = 0, 12 = q - 2*q - 4*k. Suppose -5*a = 3*m - 126, q*m - 5*m = 3. Let g be (a/2)/(4/8). Calculate the greatest common factor of 9 and g.
9
Suppose -5*v + 53 = -7. Let k be (-10)/8 + 6/24. Let m be (k - 8)/((-21)/28). Calculate the greatest common factor of m and v.
12
Let k be 4/6*(-4 + 7). Let o(h) = 2*h - 4. Let z be o(3). Suppose -4 = -z*r, 5*v = k*v - 2*r + 13. What is the greatest common divisor of v and 15?
3
Suppose h + 2 = -4. Let t be (-4)/h + (-170)/(-15). Calculate the greatest common divisor of t and 24.
12
Let a(v) = -1 + 2*v**2 + 4 - 2 + 2*v. Let j be a(-1). Calculate the greatest common factor of 1 and j.
1
Let d(p) = 2*p + 8. Let y(u) = -u**3 - u**2 - u. Let g be y(0). Let k be d(g). What is the highest common factor of k and 12?
4
Let q be (-1 - 14/(-4))/((-1)/(-18)). Let k = 7 - 11. Let t = k + 9. What is the greatest common divisor of q and t?
5
Let j(n) = -2*n + 12. Let s be j(-3). What is the highest common divisor of s and 2?
2
Let v(f) = 43*f + 2. Suppose -3*g = -1 - 5. Let q be v(g). Calculate the greatest common factor of 11 and q.
11
Suppose -4*d + 59 = -53. Calculate the greatest common factor of 70 and d.
14
Suppose 3*w - 3*g - g = 89, -4*w + 2*g = -122. Let v(h) = 42*h - 4. Let a be v(6). Calculate the greatest common divisor of w and a.
31
Suppose -25 = 5*t - 5*x, 4*x - 6 = t + 2*x. Let c be t/(-3)*(-18)/(-12). Calculate the highest common factor of 2 and c.
2
Let q(a) = a + 16. Let u be q(11). Suppose 0*y + 5*y = 1485. Calculate the greatest common factor of u and y.
27
Let c be 2 - 3/((-3)/19). Let h be (3/2)/(9/12). Suppose 0 = -h*y + 5 + 1. What is the highest common factor of y and c?
3
Suppose -16 = -0*i - 4*i. Suppose 0 = i*r - 69 + 9. What is the greatest common divisor of 135 and r?
15
Suppose 2*v - 8 = 0, 4*u + 3*v - 67 - 445 = 0. Calculate the highest common divisor of u and 50.
25
Suppose 0 = 4*c - 3*k - 402, k = -4*c - 2*k + 390. Calculate the highest common divisor of 9 and c.
9
Let w = 3 - 7. Let j(i) = -i**3 - 2*i**2 + 4*i - 4. Let g be j(w). Suppose -16 = -4*f + 224. Calculate the highest common divisor of f and g.
12
Let v(t) = t**3 - 2*t. Let s be v(2). Suppose 6 = -2*c + s*c. Suppose -2*y = -p - 5, 5*p + 8 = c. What is the highest common factor of y and 2?
2
Suppose 241 = h + 2*c, -3*h - 5*c + 250 = -2*h. Let o = h - 154. Let q = -13 + 22. Calculate the greatest common factor of o and 